9).
-32
Let w = 2 + -5. Let k be w - 4*6/(-12). Let y(r) = 3 + 3 - r - 5. Determine y(k).
2
Let f = 10717 - 10722. Let r(t) = -t**2 - 32*t - 142. Give r(f).
-7
Let g = -301 - -303. Let b(i) = 23 + g*i - 24 - 4*i + i**2 - 4*i. What is b(5)?
-6
Let q(i) be the second derivative of -i**5/20 + i**4/2 - i**3/2 - 7*i**2 + 53*i - 2. Give q(5).
-4
Let f(z) be the third derivative of z**6/120 + 7*z**5/30 - 17*z**4/24 + 35*z**3/6 + 9443*z**2. Give f(-15).
65
Suppose 5 = 4*l - 7. Let a(w) = 56*w - 2 - 137*w + 61*w + 54*w - 1 - 38*w. Calculate a(l).
-15
Let u(m) = -m**2 + 4*m + 3. Suppose 12*c - 18*c = -114. Let g(v) = -22 + 16 - c - 5*v. Let r be g(-6). Calculate u(r).
-2
Let w(k) be the first derivative of 3*k**2/2 - 5*k - 1. Suppose 5*v = 5*g + 20, 2*g - g = -v + 6. Determine w(v).
10
Let w be (-33)/(-22) - 3/(-2). Let s(u) = -2*u**3 + 5*u**2 + 3*u + 1. Let r be s(w). Let z(n) = 8*n - 1. Give z(r).
7
Suppose -b + w - 9 = 0, 2*b + 11 = b - w. Let s(f) be the second derivative of -f**4/12 - 11*f**3/6 - 4*f**2 - 73*f + 5. Determine s(b).
2
Let o = -767 + 769. Let c(p) = p**3 - 8*p**2 + 5*p + 3. Calculate c(o).
-11
Let c(i) = 3*i**3 - 35*i**2 + 9*i. Let h(m) = m**3 - 17*m**2 + 3*m + 1. Let v(f) = c(f) - 2*h(f). What is v(2)?
8
Let x(o) = 3*o + 6. Let p(v) = -7*v - 11. Suppose -2*y + 4*h = -0*h + 22, 4*h - 20 = 0. Let n be 3/5*(-5 - (y + 1)). Let j(c) = n*p(c) - 5*x(c). What is j(-2)?
-9
Let n(v) = 18*v - 3 + 14*v + 22*v - 118*v**2 + 2*v**3 + 133*v**2 - 48*v. Calculate n(-7).
4
Let b(w) = -2*w + 18. Let o be (6 + -2 + (-519)/(-6))*-2. Let n = o + 193. Calculate b(n).
-6
Let b = 7790 + -7796. Let m(u) = u**2 + 3*u - 12. Calculate m(b).
6
Let h(t) = t**3 + 3*t**2 - t - 2. Suppose -5*s = -5 - 10. Suppose 4 = o + 1, -18 = s*c + 2*o. Let l be ((-2)/(-4))/(c/48). Determine h(l).
1
Let g(v) be the second derivative of 6 - 1/12*v**4 + 11/6*v**3 + 13/2*v**2 - 5*v. Calculate g(12).
1
Let z be (22 - (-1220)/(-50))*5. Let a(s) = 2*s**3 + 24*s**2 - 8*s - 4. Calculate a(z).
92
Let t(z) = 4*z + z + 5*z**2 - 6*z**2 + 3. Suppose 80 - 78 - 176 = -58*b. Give t(b).
9
Suppose 2*o = -6*a + 26, 0 = a + o - 6*o - 15. Let w(s) = 7*s - 5*s + 5*s + 1 - a*s - s. Let t be (-2)/(-1)*(-6)/4. Determine w(t).
-2
Let d(v) be the first derivative of 3*v**3 + 3*v**2/2 - 3*v + 3. Let q(y) = -y**2. Suppose -100 = -5*c - 40. Let z(o) = c*q(o) + d(o). Determine z(2).
-9
Let f(x) be the first derivative of x**3/3 - 9*x**2 + 54*x - 4420. What is f(7)?
-23
Suppose 3*h + 0 = -2*u + 3, 0*u = -4*u. Let n(a) = -21*a + 5. Give n(h).
-16
Let n(o) = 2*o**3 + 4*o**3 - 3 + 308*o + 6*o**2 - 309*o - 4*o**3 - 7. Calculate n(-3).
-7
Let v(d) = -3*d**2 + 38*d + 6. Let h = -2892 + 2905. Give v(h).
-7
Let k(n) be the second derivative of n**4/24 - 5*n**3/6 + 25*n**2/2 - 18*n + 1. Let q(v) be the first derivative of k(v). Calculate q(-4).
-9
Suppose 2*d - 5*i + 8 + 7 = 0, -5*d = -5*i + 15. Suppose 0 = -5*b + 5*q - 15, 4*b + d*q = q + 3. Let k(m) = 0*m**2 - 12*m + 6 + 2*m + m**b + 2. What is k(7)?
-13
Let m(n) = 22*n + 200. Let g be m(-9). Let r(k) = -g*k**2 - 9 - 2*k + 2*k - 4*k + k**2 - 5*k. Determine r(-8).
-1
Let h be ((-6)/(-12)*3)/(1/(-14)). Let y be (7/h*1)/((-1)/(-18)). Let f(o) = o**2 + 6*o + 3. What is f(y)?
3
Let x be (-12)/(424/(-40) - -10). Let c(f) = -2*f + 33. Give c(x).
-7
Let k(v) = 3*v**2 + 16*v - 6. Suppose -8*q = 4*i + 28, 4*q - 5*q = -3*i - 14. What is k(i)?
-11
Let d(l) = 2*l**3 + 96*l**2 + 105*l + 523. Let a be d(-47). Let x(w) = -w**2 + 12*w - 11. What is x(a)?
25
Let f(n) = -n + 3*n + 24*n - 9 - 6*n - 22*n. Let g(p) = -3*p**2 + p**3 - 3*p**2 + 4*p - 1 + p**2. Let a be g(3). Give f(a).
5
Let h(v) = 56*v + 25. Let c(k) = 17*k + 8. Let d(g) = -10*c(g) + 3*h(g). Let n(b) = -2*b + 18. Let p be 4/(((-8)/(-12))/2). Let y be n(p). Give d(y).
7
Let u(v) be the first derivative of 3*v**2/2 - 26*v + 1328. Calculate u(14).
16
Let u(y) = y**3 - 16 + 14*y - 40389362*y**2 + 40389351*y**2 - 39. Calculate u(10).
-15
Let u = -49 + 53. Let z(w) = -163*w**3 + 137*w**3 - u*w**2 + 3*w**2. Determine z(1).
-27
Let d(u) = u**2 - 5*u - 8. Let k be d(7). Let c(r) = 0 - k - 6 + r. Let t be (-3 + 90/30)*(-3)/(-6). Determine c(t).
-12
Let g be (-14)/(-105) + 212/(-15). Let o be (72/(-63))/(4/g). Let d(a) be the second derivative of -a**3/6 + 9*a**2/2 - 7*a + 4. Give d(o).
5
Suppose -2*j + 16 = 3*s + s, -3*j - 6 = 0. Let c(r) = -3*r**2 + s*r + 4*r**2 - 9 - 2*r. Calculate c(-5).
1
Let d(o) be the third derivative of o**6/720 - 17*o**5/120 - o**4/24 + o**3 - 5*o**2 - 2*o. Let y(m) be the second derivative of d(m). Calculate y(0).
-17
Let d(l) = 15*l**3 - l**2 + l + 1. Let c(w) be the second derivative of -w**5/20 - w**3/3 - w**2/2 + 4*w. Let v(g) = -c(g) - d(g). What is v(-1)?
14
Let t be -16 + 1 + -4*(-3)/6. Let k(p) = -10 - 2*p - 1 + 2 + 4 - 19. Calculate k(t).
2
Let g(m) = -m**3 - m. Let u(w) = 3*w**3 - 2*w**2 + 7*w + 1. Let q(s) = 4*g(s) + u(s). Let d be 94/(-30) + (-3)/(630/(-28)). Calculate q(d).
1
Let s(y) = 9*y + 14. Let c(w) = 45*w + 80. Let x(n) = 2*c(n) - 11*s(n). Calculate x(-10).
96
Suppose 3*n - 573 = -4*i, i - 132 = -0*i + 3*n. Let x = i - -25. Let f(q) = -6 - x*q + 4 + 4 + 163*q. What is f(-3)?
11
Let u(n) = -n**2 + 10*n - 18. Let x be u(6). Let o be 1/1 + 15/3. Let v(j) = 0 + j + o - 6*j**2 + 2*j**3 - j**3. What is v(x)?
12
Let i(m) = -m**3 + 10*m**2 - 5. Let l = -35 + 38. Let r = -1 + l. Let q be (r + (-12)/9)*15. What is i(q)?
-5
Let t(g) = g**3 - 4*g**2 + 2*g. Let b(j) = j + 11. Let f(s) = -s**2 - 2*s + 40. Let q be f(-8). Let p be b(q). Determine t(p).
-3
Let d = -17 + 22. Let t(x) be the first derivative of -30*x**2 + 29*x**2 + 3 + 1 + 7*x. Give t(d).
-3
Suppose -2*h = -k - 52, -k = 2*h - 0*h + 48. Let u = -46 - k. Let v(d) be the first derivative of d**2/2 - d - 2. What is v(u)?
3
Suppose -3*v = 287 - 290. Let n(r) = -2*r**2 + r. Let u(f) = 4*f**2 - 2*f. Let w(g) = 3*n(g) + 2*u(g). Calculate w(v).
1
Let w(c) = c**3 - 2*c**2 - 18*c + 26. Suppose 537*l = 555*l - 90. Calculate w(l).
11
Let h(g) = 7*g + 12. Let i(j) = -6*j**2 - 69*j + 38. Let c be i(-12). Give h(c).
26
Let a(v) = -275*v**2 - 363*v**2 + 1 + 626*v**2 - 7 + 20*v. Calculate a(4).
-118
Let r(y) = -6*y + 50. Let n(i) = 11*i - 127. Let p(a) = 2*n(a) + 5*r(a). Determine p(2).
-20
Let o(d) = 88*d + 13. Let j be o(5). Let k(a) = 3*a - 2*a**2 + 453 - j. Calculate k(2).
-2
Let q(i) = 2*i**3 - 3*i**2 - i + 1. Suppose 4*c - 1 = -9. Give q(c).
-25
Let a be (-24)/(-9) - 1/(-3). Suppose 2*r - 8 = 0, o + a*r - 4028 = -o. Let v(m) = 3*m**2 + 3 - 3*m**2 - 2018*m - m**2 + o*m. Determine v(-10).
3
Suppose 5*n = 3*m + 134 - 33, 5*n - 98 = 4*m. Let a(s) = -s**3 + 20*s**2 + 44*s + 1. Give a(n).
1
Let y(x) be the second derivative of -2*x - 1/6*x**3 + 7/2*x**2 + 0. Let z be y(5). Let q(j) = 2*j - 1. Calculate q(z).
3
Let o(w) be the first derivative of -3*w**3/2 - 5*w**2/2 + 78*w - 164. Let h(s) be the first derivative of o(s). What is h(-2)?
13
Suppose -31*t + 79 = 40 + 39. Let q(z) be the third derivative of 0*z**4 - 1/60*z**5 + 14*z**2 + t*z - 1/40*z**6 + 0 + 0*z**3. Determine q(-1).
2
Let y(z) = 23*z - 28. Suppose -189*m - 30*m - 8 = -227. Determine y(m).
-5
Let m(c) = 13*c**3 - 1 - 24*c**3 - 8*c**2 + 3 - 4 + 10*c**3. Determine m(0).
-2
Let g be -3 - (-3 - 3)/(-3). Let n(o) be the third derivative of -o**5/30 - o**4/8 + 5*o**3/6 - o**2 - 1289. Determine n(g).
-30
Suppose w = -f + 12, -w - 30 = -3*f - 2*f. Suppose -2*d = -f + 13. Let n(i) = -i**3 - 5*i**2 - 2*i. What is n(d)?
-12
Let u(i) be the second derivative of 15 + 1/20*i**5 + 0*i**3 - 3/2*i**2 - i - 1/3*i**4. Let j(k) = k - 2. Let s be j(6). Determine u(s).
-3
Let h(s) = 55 - 4*s - 4*s - 25 + s**2 - 25 - 2*s. Let v be (4/(-3))/(-2) + (-190)/(-30). Give h(v).
-16
Let j(n) = 11*n**3 - 4*n**2 + 4*n - 1. Let y(s) = 8*s**3 - 4*s**2 + 3*s - 1. Let t(f) = 3*j(f) - 4*y(f). Determine t(-5).
-24
Let f be ((-15)/20)/(18/(-48)). Let l(x) = 0*x - 2*x - 4 + 0*x**2 + x**f + 4*x + 2. What is l(3)?
13
Suppose -10*y - 36 = -16*y. Let o(h) = -8*h - y - 2*h + 15*h - 4*h. Let n = -13 - -18. Give o(n).
-1
Suppose 6*g - 157 = 10*g + 7*i, 3*i - 6 = g. Let l(c) = c + 108. Give l(g).
81
Let y(m) = 29 + 266*m**2 + 3*m + 29*m - 124*m**2 - 140*m**2. What is y(-16)?
29
Let w(y) = -2*y**3 + 5*y**2 - 8*y. Let o(z) = 3*z**2 + 89*z -